*l. What is q(4)?
8
Let j(s) = 4*s. What is j(-2)?
-8
Let f(j) = -j**3 - 7*j**2 - 3*j. What is f(-3)?
-27
Let k(t) = -t + 18. Calculate k(18).
0
Let o(c) = 53*c - 370. What is o(7)?
1
Let l(h) = h**2 - 3*h - 1. Calculate l(5).
9
Let i(g) = -g**2 - 4*g - 5. Determine i(-6).
-17
Let j(m) = -m**2 - 3*m + 11. Calculate j(5).
-29
Let r(j) = -11*j + 34. Calculate r(3).
1
Let a(c) = -c**3 - 13*c**2 + 17*c + 33. What is a(-14)?
-9
Let t(z) = z**3 + 3*z**2 - 18*z + 7. What is t(-6)?
7
Let r(q) = -q**3 + 3*q**2 + 10*q - 24. Calculate r(5).
-24
Let u(x) = -9*x - 14. Give u(-14).
112
Let x(o) = -2*o**2 + 17*o + 14. Calculate x(9).
5
Let t(n) = -n**3 - 6*n**2 - 3*n - 1. Give t(-6).
17
Let p(r) = r**2 - 7*r - 24. Give p(11).
20
Let k(m) = -3*m - 38. Give k(-16).
10
Let o(f) = -f**3 - 6*f - 13. Calculate o(-2).
7
Let h(z) = -6*z**3 - z**2 + 1. Calculate h(1).
-6
Let t(r) = r**3 + 26*r**2 - 54*r + 54. What is t(-28)?
-2
Let f(y) = -y**3 + 6*y**2 + 2*y - 2. Give f(4).
38
Let u(m) = -m**2 - 17*m - 22. Determine u(-16).
-6
Let k(q) = q**3 + 7*q**2 + 4*q - 5. What is k(-6)?
7
Let q(o) = o - 1. Calculate q(-3).
-4
Let m(w) = w**3 - 2*w - 3. Determine m(2).
1
Let g(y) = y**2 + 23*y + 98. Give g(-5).
8
Let l(b) = -b**2 - 12*b - 40. Give l(-6).
-4
Let u(z) = z**2 + 6*z - 19. Give u(-8).
-3
Let y(m) = -m**3 + 2*m**2 - 3*m - 1. Give y(2).
-7
Let q(z) = -z - 11. Give q(18).
-29
Let c(w) = -w**3 - 6*w**2 + 2*w - 11. What is c(-6)?
-23
Let i(s) = -s**2 + 4*s + 20. Determine i(7).
-1
Let o(v) = 6*v**2 - 13*v + 4. Determine o(2).
2
Let p(s) = 2*s + 9. Determine p(-7).
-5
Let w(o) = 2*o + 8. Determine w(-5).
-2
Let g(y) = -y**3 + 6*y**2 - 4*y - 8. What is g(2)?
0
Let h(t) = 287*t + 855. Give h(-3).
-6
Let l(p) = -p**3 + 8*p**2 - 13*p + 14. What is l(6)?
8
Let g(c) = c**2 - 8*c - 39. What is g(12)?
9
Let x(t) = -t**3 - 8*t**2 + t + 12. What is x(-8)?
4
Let o(g) = -2*g**2 + 11*g - 7. Determine o(5).
-2
Let d(o) = -2*o**3 - 17*o**2 - 7*o + 9. What is d(-8)?
1
Let y(k) = k**2 + 8. Determine y(0).
8
Let z(n) = n**3 + 9*n**2 + 5*n - 7. Give z(-8).
17
Let f(b) = -b + 5. Give f(-3).
8
Let h(w) = 3*w + 94. What is h(-31)?
1
Let l(f) = 4*f - 1. Determine l(-4).
-17
Let r(m) = -m**3 + 4*m**2 - m. What is r(5)?
-30
Let h(c) = -6*c - 3. Determine h(-4).
21
Let u(t) = t**3 - 7*t**2 - 19*t - 11. What is u(9)?
-20
Let w(i) = 5*i - 1. Give w(1).
4
Let i(u) = -u - 9. Determine i(10).
-19
Let z(r) = 7*r**2 - r - 1. Calculate z(1).
5
Let b(c) = c**3 + 8*c**2 + 11*c + 4. Determine b(-7).
-24
Let p(m) = -m**3 - 9*m**2 + 9*m + 8. Calculate p(-10).
18
Let u(y) = -10*y + 3. Calculate u(1).
-7
Let r(d) = -d**3 + 9*d**2 + 7*d + 20. Determine r(10).
-10
Let h(a) = 5*a**2 + 118*a - 51. Determine h(-24).
-3
Let z(j) = j**2 + 5*j + 1. Give z(-3).
-5
Let h(m) = 3*m**2 + 4*m - 3. Give h(4).
61
Let g(h) = 9*h + 35. Calculate g(-6).
-19
Let q(m) = 9*m + 67. Calculate q(-7).
4
Let a(p) = 2*p**2 - p + 19. What is a(0)?
19
Let p(v) = 22*v**2 + v. Determine p(-1).
21
Let u(f) = -14*f - 57. Calculate u(-8).
55
Let u(s) = s**2 - 23*s + 71. What is u(19)?
-5
Let g(a) = 4*a - 16. Calculate g(4).
0
Let z(l) = -l**2 - 9*l + 11. Determine z(-11).
-11
Let h(n) = -n + 47. Give h(0).
47
Let z(q) = -5*q - 11. What is z(-3)?
4
Let k(o) = -o - 5. Determine k(0).
-5
Let w(r) = -9*r - 1. Calculate w(9).
-82
Let a(b) = -b**3 - 5*b**2 - 2*b - 3. Determine a(-5).
7
Let d(f) = -19*f - 35. What is d(-5)?
60
Let y(n) = -6*n + 28. Give y(4).
4
Let u(k) = 16*k + 16. Give u(-10).
-144
Let w(j) = -j**3 + 4*j**2 - 2*j - 7. Determine w(3).
-4
Let q(g) = -13*g + 4. Calculate q(2).
-22
Let l(g) = 8*g + 34. Give l(-5).
-6
Let u(a) = -2*a**2 - 8*a + 6. Determine u(-5).
-4
Let i(f) = -4*f + 167. Determine i(42).
-1
Let o(k) = -k**3 - k**2 - k + 99. Give o(0).
99
Let t(q) = -q**3 - 6*q**2 - 8*q - 25. Determine t(-5).
-10
Let j(o) = 2*o + 4. Calculate j(9).
22
Let u(r) = -61*r**3 - 2*r**2 + 3*r - 1. Determine u(1).
-61
Let k(f) = -5*f - 14. Give k(-8).
26
Let v(q) = -3*q**2 - 7*q + 6. Calculate v(-5).
-34
Let j(n) = -8*n**3 - 4*n**2 - 4*n - 2. Calculate j(-2).
54
Let l(p) = -164*p - 326. Determine l(-2).
2
Let g(n) = -n**2 - 2*n + 1. Give g(-2).
1
Let j(u) = 19*u + 603. Calculate j(-32).
-5
Let b(x) = x + 3. Give b(0).
3
Let d(f) = 2*f**3 - 11*f**2 + 15*f - 6. Determine d(4).
6
Let w(z) = -z**3 + 5*z**2 + 2*z - 7. Give w(7).
-91
Let h(o) = -o**2 + 8*o + 7. Determine h(-3).
-26
Let g(d) = -d**2 - 7*d + 198. Give g(-18).
0
Let r(w) = -3*w**3 - 2*w**2 + 2*w. What is r(-2)?
12
Let t(z) = 3*z - 129. Calculate t(47).
12
Let k(r) = -13*r - 2. What is k(4)?
-54
Let s(q) = q**3 - 17*q**2 - 2*q + 9. Give s(17).
-25
Let i(f) = -2*f**2 + 4*f + 2. Give i(-4).
-46
Let v(l) = -74*l**2 + 5*l + 5. Give v(-1).
-74
Let b(l) = -23*l - 105. Give b(-7).
56
Let x(r) = -r + 30. Give x(34).
-4
Let q(o) = -o**2 - 18*o - 7. Calculate q(-16).
25
Let i(b) = 2*b - 16. Determine i(-11).
-38
Let v(s) = -4*s - 12. Determine v(0).
-12
Let q(j) = j**3 - 35*j**2 - 35*j - 29. Determine q(36).
7
Let y(f) = f**3 - 20*f**2 + 20*f - 29. Determine y(19).
-10
Let w(l) = -5*l. What is w(3)?
-15
Let u(p) = -p**3 + 5*p**2 + 10*p - 18. Give u(6).
6
Let h(k) = 5*k - 3. Determine h(-1).
-8
Let s(g) = g**2 + 46*g + 171. Determine s(-42).
3
Let x(j) = -11*j**3 + 15*j**2 - 15*j. Calculate x(1).
-11
Let t(n) = 62*n**3 + 3*n**2 + n - 1. What is t(-1)?
-61
Let c(q) = 2*q**2 + 26*q - 4. Calculate c(-12).
-28
Let l(j) = -j**3 + 31*j**2 - 59*j + 22. Determine l(29).
-7
Let b(s) = 2*s - 11. Determine b(-6).
-23
Let s(g) = g**2 - 12*g + 3. Calculate s(12).
3
Let v(z) = -9*z**2 + 4*z + 4. Give v(-1).
-9
Let t(v) = v**2 + 2. Calculate t(4).
18
Let i(y) = -y**3 - 9*y**2 + 24*y + 23. Determine i(-11).
1
Let p(s) = -2*s**2 - s - 3. Give p(-2).
-9
Let b(q) = q**2 - 5*q + 2. Give b(6).
8
Let a(y) = y**3 - 18*y**2 - 2*y + 49. Give a(18).
13
Let z(w) = -w**3 - 20*w**2 + 4. What is z(-20)?
4
Let l(r) = r**3 + 9*r**2 + 9*r + 13. Calculate l(-8).
5
Let c(y) = 16*y - 323. Calculate c(21).
13
Let h(k) = -k + 2. Determine h(-5).
7
Let s(a) = 7*a**2 + 6*a - 6. Determine s(-6).
210
Let p(b) = b**2 - 5*b + 1. Determine p(6).
7
Let i(p) = 2*p**2 + 31*p - 17. Calculate i(-16).
-1
Let l(z) = -z**2 + 29*z + 77. What is l(32)?
-19
Let l(j) = -3*j**2 + 10*j - 17. Determine l(3).
-14
Let p(m) = -m - 36. Calculate p(-13).
-23
Let c(n) = -15*n - 51. Determine c(-3).
-6
Let g(m) = m - 28. Calculate g(0).
-28
Let k(i) = -i**3 - 8*i**2 - 12*i + 7. What is k(-2)?
7
Let g(i) = -i**3 - 4*i**2 - 6*i + 10. What is g(-6)?
118
Let p(t) = 5*t - 47. Determine p(16).
33
Let l(w) = -w**3 - 5*w**2 + 2*w + 7. Give l(-7).
91
Let u(j) = 2*j**3 + 9*j**2 - 9*j - 45. Calculate u(-4).
7
Let h(i) = -i**2 - 111*i + 694. What is h(6)?
-8
Let r(d) = -d - 25. What is r(-9)?
-16
Let a(v) = 2*v - 14. Calculate a(5).
-4
Let m(w) = 2*w**2 - 9*w + 6. Determine m(7).
41
Let j(z) = z**3 - 9*z**2 - 18*z - 3. Calculate j(10).
-83
Let z(l) = 2*l**3 + 26*l**2 - 55*l - 6. Calculate z(2).
4
Let s(z) = -z + 11. What is s(6)?
5
Let h(x) = x**2 + x - 12. Calculate h(-6).
18
Let h(b) = -7*b**3 + 4*b**2 - 3*b. Give h(2).
-46
Let a(n) = -2*n**3 + 3*n**2 + 4*n. What is a(-1)?
1
Let b(l) = -l**3 - 17*l**2 - 30*l - 7. Give b(-15).
-7
Let d(w) = -w**2 + 18*w - 80. What is d(12)?
-8
Let a(n) = -3*n**2 + 9*n + 3. Calculate a(3).
3
Let b(u) = 5*u**2 + 14*u + 1. Determine b(-3).
4
Let l(z) = -z. What is l(6)?
-6
Let u(h) = h**2 - 4*h - 50. Give u(-7).
27
Let l(v) = -8*v**2 - 3. Calculate l(2).
-35
Let h(t) = -6*t + 3. Give h(2).
-9
Let f(n) = 12*n - 49. Determine f(4).
-1
Let h(a) = -8*a - 30. What is h(-5)?
10
Let u(r) = r + 1. Calculate u(8).
9
Let m(p) = -2*p**3 + p**2 - 2*p - 3. Give m(-2).
21
Let u(c) = -c**2 + c + 3. Calculate u(3).
-3
Let r(m) = m**3 + 4*m**2 - 4*m + 11. Determine r(-5).
6
Let g(j) = -5*j**2 - 32*j + 15. What is g(-8)?
-49
Let m(v) = v + 18. Calculate m(-12).
6
Let n(p) = p**2 + 18*p + 11. Determine n(-16).
-21
Let c(k) = k**3 - 7*k**2 + 3*k + 18. Give c(6).
0
Let t(y) = 2*y**2 - 61*y - 38. Calculate t(32).
58
Let a(l) = -l - 14. Determine a(1).
-15
Let h(s) = s**3 - 33*s**2 + 34*s - 65. What is h(32)?
-1
Let r(a) = a**3 + 9*a**2 + 7*a - 6. Determine r(-8).
2
Let s(p) = p**3 - 9*p**2 - 13*p + 7. What is s(10)?
-23
Let w(f) = -7*f**2 + 12*f + 14. Give w(-1)